{"id":16733,"date":"2025-03-06T18:12:32","date_gmt":"2025-03-06T18:12:32","guid":{"rendered":"https:\/\/odon.edu.uy\/sitio\/?page_id=16733"},"modified":"2025-03-06T18:15:44","modified_gmt":"2025-03-06T18:15:44","slug":"medicina-en-odontologia","status":"publish","type":"page","link":"https:\/\/odon.edu.uy\/sitio\/medicina-en-odontologia\/","title":{"rendered":"Medicina en Odontolog\u00eda"},"content":{"rendered":"<div class=\"wpb-content-wrapper\"><p>[vc_row full_height=&#8221;yes&#8221; equal_height=&#8221;yes&#8221; content_placement=&#8221;middle&#8221;][vc_column width=&#8221;1\/2&#8243;][vc_single_image image=&#8221;16735&#8243; img_size=&#8221;500&#215;700&#8243; alignment=&#8221;right&#8221; style=&#8221;vc_box_shadow_3d&#8221;][\/vc_column][vc_column width=&#8221;1\/2&#8243;][vc_column_text]<\/p>\n<div class=\"wpb_text_column wpb_content_element \">\n<div class=\"wpb_wrapper\">\n<p style=\"text-align: center;\">Medicina en Odontolog\u00eda (Cap\u00edtulo 18. C\u00e1ncer)<\/p>\n<\/div>\n<\/div>\n<p>[\/vc_column_text][vc_btn title=&#8221;DESCARGAR&#8221; style=&#8221;custom&#8221; custom_background=&#8221;#017986&#8243; custom_text=&#8221;#ffffff&#8221; shape=&#8221;square&#8221; size=&#8221;lg&#8221; align=&#8221;center&#8221; css_animation=&#8221;fadeIn&#8221; link=&#8221;target:_blank&#8221;][\/vc_column][\/vc_row]<\/p>\n<\/div>","protected":false},"excerpt":{"rendered":"<p>[vc_row full_height=&#8221;yes&#8221; equal_height=&#8221;yes&#8221; content_placement=&#8221;middle&#8221;][vc_column width=&#8221;1\/2&#8243;][vc_single_image image=&#8221;16735&#8243; img_size=&#8221;500&#215;700&#8243; alignment=&#8221;right&#8221; style=&#8221;vc_box_shadow_3d&#8221;][\/vc_column][vc_column width=&#8221;1\/2&#8243;][vc_column_text] Medicina en Odontolog\u00eda (Cap\u00edtulo 18. C\u00e1ncer) [\/vc_column_text][vc_btn title=&#8221;DESCARGAR&#8221; style=&#8221;custom&#8221; custom_background=&#8221;#017986&#8243; custom_text=&#8221;#ffffff&#8221; shape=&#8221;square&#8221; size=&#8221;lg&#8221; align=&#8221;center&#8221; css_animation=&#8221;fadeIn&#8221; link=&#8221;target:_blank&#8221;][\/vc_column][\/vc_row]<\/p>\n","protected":false},"author":10,"featured_media":16735,"parent":0,"menu_order":0,"comment_status":"closed","ping_status":"closed","template":"","meta":{"_vp_format_video_url":"","_vp_image_focal_point":[],"footnotes":""},"categories":[231],"tags":[177],"class_list":["post-16733","page","type-page","status-publish","has-post-thumbnail","hentry","category-libros-csic","tag-libros"],"_links":{"self":[{"href":"https:\/\/odon.edu.uy\/sitio\/wp-json\/wp\/v2\/pages\/16733","targetHints":{"allow":["GET"]}}],"collection":[{"href":"https:\/\/odon.edu.uy\/sitio\/wp-json\/wp\/v2\/pages"}],"about":[{"href":"https:\/\/odon.edu.uy\/sitio\/wp-json\/wp\/v2\/types\/page"}],"author":[{"embeddable":true,"href":"https:\/\/odon.edu.uy\/sitio\/wp-json\/wp\/v2\/users\/10"}],"replies":[{"embeddable":true,"href":"https:\/\/odon.edu.uy\/sitio\/wp-json\/wp\/v2\/comments?post=16733"}],"version-history":[{"count":2,"href":"https:\/\/odon.edu.uy\/sitio\/wp-json\/wp\/v2\/pages\/16733\/revisions"}],"predecessor-version":[{"id":16738,"href":"https:\/\/odon.edu.uy\/sitio\/wp-json\/wp\/v2\/pages\/16733\/revisions\/16738"}],"wp:featuredmedia":[{"embeddable":true,"href":"https:\/\/odon.edu.uy\/sitio\/wp-json\/wp\/v2\/media\/16735"}],"wp:attachment":[{"href":"https:\/\/odon.edu.uy\/sitio\/wp-json\/wp\/v2\/media?parent=16733"}],"wp:term":[{"taxonomy":"category","embeddable":true,"href":"https:\/\/odon.edu.uy\/sitio\/wp-json\/wp\/v2\/categories?post=16733"},{"taxonomy":"post_tag","embeddable":true,"href":"https:\/\/odon.edu.uy\/sitio\/wp-json\/wp\/v2\/tags?post=16733"}],"curies":[{"name":"wp","href":"https:\/\/api.w.org\/{rel}","templated":true}]}}